.
7, 52147
What are the prime factors of 45532?
2, 11383
List the prime factors of 465294.
2, 3, 77549
What are the prime factors of 250985?
5, 7, 71, 101
List the prime factors of 2398427.
19, 126233
What are the prime factors of 1576349?
751, 2099
What are the prime factors of 508073?
508073
What are the prime factors of 1545410?
2, 5, 29, 73
List the prime factors of 17035018.
2, 7, 11, 13, 67, 127
What are the prime factors of 6942739?
1777, 3907
What are the prime factors of 1424368?
2, 11, 8093
What are the prime factors of 31562857?
19, 211, 7873
What are the prime factors of 1956909?
3, 23, 79, 359
List the prime factors of 16626852.
2, 3, 11, 347
List the prime factors of 192712.
2, 13, 17, 109
List the prime factors of 300321.
3, 7, 227
What are the prime factors of 25359913?
283, 89611
List the prime factors of 2578448.
2, 29, 5557
What are the prime factors of 1003209?
3, 334403
List the prime factors of 206223.
3, 53, 1297
What are the prime factors of 5707720?
2, 5, 31, 4603
What are the prime factors of 1436561?
7, 205223
What are the prime factors of 88573?
23, 3851
List the prime factors of 2309333.
13, 349, 509
What are the prime factors of 1520355?
3, 5, 79, 1283
What are the prime factors of 434527?
31, 107, 131
What are the prime factors of 382477?
71, 5387
List the prime factors of 1223681.
269, 4549
What are the prime factors of 3828886?
2, 1914443
What are the prime factors of 11080859?
11080859
List the prime factors of 6112702.
2, 53, 57667
List the prime factors of 8526652.
2, 23, 92681
List the prime factors of 132747.
3, 44249
List the prime factors of 511304.
2, 63913
What are the prime factors of 7897?
53, 149
What are the prime factors of 256561?
256561
What are the prime factors of 489368?
2, 11, 67, 83
List the prime factors of 16857896.
2, 11, 23, 8329
What are the prime factors of 5867804?
2, 31, 79, 599
List the prime factors of 18752.
2, 293
What are the prime factors of 12783802?
2, 6391901
What are the prime factors of 114214?
2, 57107
What are the prime factors of 4395425?
5, 109, 1613
What are the prime factors of 1080851?
1080851
What are the prime factors of 469962?
2, 3, 967
List the prime factors of 133008.
2, 3, 17, 163
List the prime factors of 698752.
2, 53, 103
What are the prime factors of 2284487?
2284487
What are the prime factors of 9549496?
2, 11, 108517
What are the prime factors of 10810939?
29, 101, 3691
List the prime factors of 2098489.
83, 131, 193
List the prime factors of 6304195.
5, 17, 74167
What are the prime factors of 2624422?
2, 1312211
List the prime factors of 33157184.
2, 47, 73, 151
List the prime factors of 5118256.
2, 11, 13, 2237
What are the prime factors of 329954?
2, 19, 457
What are the prime factors of 11935644?
2, 3, 7, 151, 941
List the prime factors of 704593.
704593
List the prime factors of 129614.
2, 229, 283
What are the prime factors of 9724?
2, 11, 13, 17
List the prime factors of 9815941.
9815941
What are the prime factors of 7110891?
3, 790099
List the prime factors of 4661233.
4661233
List the prime factors of 2077079.
983, 2113
List the prime factors of 9518901.
3, 7, 97, 4673
List the prime factors of 16819749.
3, 17, 47, 2339
What are the prime factors of 5860858?
2, 113, 25933
List the prime factors of 338815.
5, 67763
What are the prime factors of 6949809?
3, 439, 1759
What are the prime factors of 1093238?
2, 546619
List the prime factors of 1058591.
1058591
What are the prime factors of 843589?
843589
List the prime factors of 2350708.
2, 587677
What are the prime factors of 76410?
2, 3, 5, 283
List the prime factors of 2631642.
2, 3, 13, 33739
List the prime factors of 185060.
2, 5, 19, 487
What are the prime factors of 92346?
2, 3, 15391
What are the prime factors of 253194?
2, 3, 19, 2221
What are the prime factors of 928951?
251, 3701
What are the prime factors of 258887?
258887
What are the prime factors of 30711189?
3, 10237063
List the prime factors of 1766814.
2, 3, 7, 23, 31, 59
List the prime factors of 12748071.
3, 7, 59, 10289
List the prime factors of 848861.
13, 17, 23, 167
What are the prime factors of 53280?
2, 3, 5, 37
What are the prime factors of 36138513?
3, 19, 397, 1597
What are the prime factors of 33666?
2, 3, 31, 181
What are the prime factors of 17247453?
3, 103, 55817
What are the prime factors of 489564?
2, 3, 1511
What are the prime factors of 13230395?
5, 2646079
List the prime factors of 171849.
3, 57283
What are the prime factors of 739028?
2, 47, 3931
List the prime factors of 268228.
2, 67057
What are the prime factors of 128078?
2, 17, 3767
List the prime factors of 158097.
3, 151, 349
List the prime factors of 1030.
2, 5, 103
List the prime factors of 1843005.
3, 5, 122867
List the prime factors of 4215073.
4215073
List the prime factors of 1410327.
3, 156703
What are the prime factors of 22269396?
2, 3, 41, 45263
What are the prime factors of 750624?
2, 3, 7, 1117
List the prime factors of 1075372.
2, 268843
List the prime factors of 11671861.
11671861
List the prime factors of 22511399.
22511399
What are the prime factors of 972661?
972661
What are the prime factors of 776197?
113, 6869
What are the prime factors of 764221?
23, 149, 223
List the prime factors of 5020452.
2, 3, 139457
List the prime factors of 1684243.
11, 153113
List the prime factors of 192972.
2, 3, 13, 1237
What are the prime factors of 561725?
5, 22469
What are the prime factors of 17175677?
19, 149, 6067
What are the prime factors of 5314730?
2, 5, 233, 2281
What are the prime factors of 19104553?
13, 1469581
What are the prime factors of 494854?
2, 181, 1367
What are the prime factors of 587158?
2, 11, 13, 2053
List the prime factors of 24040.
2, 5, 601
List the prime factors of 1296869.
7, 185267
List the prime factors of 1093527.
3, 101, 401
List the prime factors of 373918.
2, 186959
List the prime factors of 1017840.
2, 3, 5, 4241
What are the prime factors of 17796?
2, 3, 1483
What are the prime factors of 660852?
2, 3, 29, 211
List the prime factors of 23368770.
2, 3, 5, 41, 2111
What are the prime factors of 4302447?
3, 1434149
List the prime factors of 243433.
243433
List the prime factors of 662796.
2, 3, 17, 19
List the prime factors of 7104989.
7104989
List the prime factors of 329472.
2, 3, 11, 13
What are the prime factors of 2077186?
2, 31, 33503
What are the prime factors of 10167475?
5, 406699
List the prime factors of 1028428.
2, 257107
What are the prime factors of 29693?
23, 1291
List the prime factors of 8553938.
2, 59, 71, 1021
What are the prime factors of 1063429?
101, 10529
List the prime factors of 748459.
17, 44027
List the prime factors of 4951602.
2, 3, 239, 1151
What are the prime factors of 470394?
2, 3, 31, 281
What are the prime factors of 1282345?
5, 256469
What are the prime factors of 8073855?
3, 5, 59, 3041
What are the prime factors of 896398?
2, 448199
List the prime factors of 16875704.
2, 331, 6373
List the prime factors of 1352664.
2, 3, 18787
What are the prime factors of 196206?
2, 3, 53, 617
What are the prime factors of 3202597?
43, 71, 1049
What are the prime factors of 50013?
3, 5557
What are the prime factors of 3829028?
2, 7, 136751
List the prime factors of 298374.
2, 3, 223
List the prime factors of 516007.
199, 2593
What are the prime factors of 47035?
5, 23, 409
What are the prime factors of 28009250?
2, 5, 199, 563
List the prime factors of 179574.
2, 3, 173
What are the prime factors of 3530031?
3, 347, 3391
List the prime factors of 899111.
563, 1597
List the prime factors of 2619178.
2, 1309589
What are the prime factors of 15542?
2, 19, 409
What are the prime factors of 5341946?
2, 2670973
List the prime factors of 1189476.
2, 3, 19, 37, 47
List the prime factors of 9256621.
11, 113, 677
What are the prime factors of 440003?
251, 1753
List the prime factors of 477926.
2, 19, 12577
List the prime factors of 1498593.
3, 43, 11617
What are the prime factors of 287054?
2, 143527
What are the prime factors of 27514859?
1129, 24371
List the prime factors of 6091726.
2, 3045863
What are the prime factors of 9510769?
17, 31, 18047
What are the prime factors of 544315?
5, 108863
What are the prime factors of 905663?
11, 281, 293
What are the prime factors of 105342?
2, 3, 97, 181
Li